of 207329941?
7, 13, 107, 199
What are the prime factors of 197252294?
2, 98626147
List the prime factors of 1249336393.
19, 65754547
List the prime factors of 4131281415.
3, 5, 275418761
List the prime factors of 26472160.
2, 5, 11, 13, 89
What are the prime factors of 1722990?
2, 3, 5, 79, 727
List the prime factors of 5377041601.
283, 1433, 13259
What are the prime factors of 419967845?
5, 11, 7635779
What are the prime factors of 126149490?
2, 3, 5, 89, 15749
List the prime factors of 168529337.
193, 873209
What are the prime factors of 258597860?
2, 5, 397, 32569
What are the prime factors of 29016640?
2, 5, 90677
List the prime factors of 44163581.
7, 11, 19, 30187
What are the prime factors of 55629496?
2, 13, 157, 3407
What are the prime factors of 112494704?
2, 7, 313, 3209
What are the prime factors of 32834923?
11, 271363
List the prime factors of 58120992.
2, 3, 201809
List the prime factors of 104670599.
11, 29, 328121
List the prime factors of 422024279.
233, 1223, 1481
List the prime factors of 2696126321.
7, 463, 831881
List the prime factors of 5738819.
61, 94079
What are the prime factors of 1134724206?
2, 3, 7, 11, 223283
What are the prime factors of 193277652?
2, 3, 19, 439, 1931
List the prime factors of 320627128.
2, 19, 89, 137, 173
List the prime factors of 1915128542.
2, 957564271
List the prime factors of 142969787.
61, 2343767
What are the prime factors of 341642466?
2, 3, 11, 971, 1777
What are the prime factors of 8935318334?
2, 71, 62924777
What are the prime factors of 1576367037?
3, 7, 73, 353, 971
List the prime factors of 2474508804.
2, 3, 113, 1824859
List the prime factors of 182656046.
2, 91328023
List the prime factors of 4064214129.
3, 227, 5968009
What are the prime factors of 72394316?
2, 18098579
What are the prime factors of 821817?
3, 127, 719
What are the prime factors of 303010850?
2, 5, 29, 67, 3119
List the prime factors of 1496120305.
5, 53, 397, 14221
List the prime factors of 7962111.
3, 294893
What are the prime factors of 178704031?
11, 16245821
What are the prime factors of 242723930?
2, 5, 3229, 7517
List the prime factors of 24991647.
3, 8330549
List the prime factors of 1743134.
2, 43, 20269
List the prime factors of 647324287.
37, 17495251
List the prime factors of 563649425.
5, 73, 308849
List the prime factors of 3173681789.
73, 43475093
List the prime factors of 421486278.
2, 3, 70247713
List the prime factors of 38101841.
2243, 16987
List the prime factors of 11957041.
31, 181, 2131
List the prime factors of 1446208885.
5, 11, 59, 349, 1277
List the prime factors of 102518529.
3, 83, 411721
List the prime factors of 7160092.
2, 37, 101, 479
What are the prime factors of 3276825809?
31481, 104089
List the prime factors of 50349666.
2, 3, 1753, 4787
What are the prime factors of 318156936?
2, 3, 829, 15991
What are the prime factors of 398314722?
2, 3, 13, 31, 164729
What are the prime factors of 2182513894?
2, 11, 31, 37, 86491
What are the prime factors of 27168395?
5, 167, 32537
What are the prime factors of 118734692?
2, 103, 288191
What are the prime factors of 1265115208?
2, 7, 31, 131, 5563
List the prime factors of 227141879.
17, 13361287
List the prime factors of 553192556.
2, 7, 2822411
List the prime factors of 130809.
3, 7, 6229
List the prime factors of 2086858434.
2, 3, 31, 61, 193, 953
List the prime factors of 298340634.
2, 3, 73, 277, 2459
What are the prime factors of 76601010?
2, 3, 5, 181, 14107
What are the prime factors of 130909001?
31, 4222871
What are the prime factors of 1039769551?
193, 2017, 2671
What are the prime factors of 78999628?
2, 4157, 4751
List the prime factors of 34938348.
2, 3, 571, 5099
List the prime factors of 594367033.
13, 571, 80071
What are the prime factors of 353504633?
19, 18605507
What are the prime factors of 29728492?
2, 89, 113, 739
What are the prime factors of 9723535?
5, 19, 5387
What are the prime factors of 61853431?
1787, 34613
What are the prime factors of 55772058?
2, 3, 409, 22727
List the prime factors of 27102431.
2689, 10079
List the prime factors of 3271865417.
19, 172203443
What are the prime factors of 2627962294?
2, 1313981147
What are the prime factors of 40980420?
2, 3, 5, 13, 83, 211
List the prime factors of 493092398.
2, 246546199
List the prime factors of 213362936.
2, 1129, 23623
What are the prime factors of 52907791?
17, 809, 3847
What are the prime factors of 178385067?
3, 7, 31, 241, 379
List the prime factors of 967125806.
2, 483562903
What are the prime factors of 21487588?
2, 31, 149, 1163
What are the prime factors of 3071513661?
3, 1023837887
List the prime factors of 148038520.
2, 5, 7, 528709
What are the prime factors of 1403732427?
3, 61, 149, 51481
List the prime factors of 1100431579.
13, 84648583
What are the prime factors of 441161119?
7, 73, 139, 6211
List the prime factors of 2397691113.
3, 19037, 41983
What are the prime factors of 2448285072?
2, 3, 283, 180233
What are the prime factors of 1329500099?
29, 293, 156467
List the prime factors of 15291108.
2, 3, 7, 60679
What are the prime factors of 37042664?
2, 241, 19213
List the prime factors of 1710354827.
797, 2145991
What are the prime factors of 70017857?
7, 13, 71, 10837
List the prime factors of 69962640.
2, 3, 5, 11, 26501
What are the prime factors of 13056318?
2, 3, 11, 23, 47, 61
What are the prime factors of 596165539?
149, 4001111
List the prime factors of 343799480.
2, 5, 773, 11119
What are the prime factors of 297015665?
5, 1831, 32443
List the prime factors of 269118388.
2, 7, 11, 124823
What are the prime factors of 3889947454?
2, 1871, 1039537
What are the prime factors of 4512760?
2, 5, 7, 71, 227
What are the prime factors of 18763802?
2, 53, 229, 773
List the prime factors of 106611496.
2, 3593, 3709
What are the prime factors of 390861431?
390861431
List the prime factors of 40112269.
643, 62383
List the prime factors of 1881549.
3, 29, 89
What are the prime factors of 122357466?
2, 3, 7, 11, 17, 577
List the prime factors of 1265804088.
2, 3, 17, 53, 58537
What are the prime factors of 86426388?
2, 3, 31, 43, 1801
What are the prime factors of 472513264?
2, 139, 212461
List the prime factors of 250722426.
2, 3, 17, 2458063
List the prime factors of 106952088.
2, 3, 197, 22621
List the prime factors of 4878809026.
2, 7, 13, 29, 181, 5107
What are the prime factors of 36821140?
2, 5, 1841057
List the prime factors of 2107925482.
2, 13, 23, 3524959
What are the prime factors of 49472485?
5, 19, 520763
What are the prime factors of 750091598?
2, 375045799
List the prime factors of 8641390.
2, 5, 19, 45481
What are the prime factors of 110553362?
2, 19, 8059
What are the prime factors of 79533277?
71, 1120187
What are the prime factors of 98995241?
29, 137, 24917
What are the prime factors of 59796188?
2, 83, 233, 773
List the prime factors of 105412759.
105412759
List the prime factors of 55571936.
2, 7, 248089
What are the prime factors of 89748070?
2, 5, 23, 390209
What are the prime factors of 109842779?
23, 659, 7247
What are the prime factors of 1225679142?
2, 3, 29, 7044133
List the prime factors of 910378.
2, 7, 65027
What are the prime factors of 3544239667?
353, 1597, 6287
List the prime factors of 121816889.
2273, 53593
List the prime factors of 197237933.
197237933
What are the prime factors of 69080059?
29, 31, 43, 1787
What are the prime factors of 5439385883?
33331, 163193
List the prime factors of 92932473.
3, 30977491
What are the prime factors of 97406408?
2, 11, 1106891
What are the prime factors of 150990262?
2, 23, 67, 48991
What are the prime factors of 104690729?
11, 13, 191, 3833
What are the prime factors of 2615955135?
3, 5, 174397009
List the prime factors of 296094875.
5, 2368759
What are the prime factors of 46775651?
13, 276779
What are the prime factors of 1617652689?
3, 307, 1756409
What are the prime factors of 184355933?
184355933
What are the prime factors of 6766487887?
37, 182878051
List the prime factors of 1248454523.
1051, 1187873
What are the prime factors of 357895932?
2, 3, 19, 73, 21503
What are the prime factors of 1054767050?
2, 5, 1427, 14783
What are the prime factors of 47745626?
2, 23872813
What are the prime factors of 830090213?
830090213
What are the prime facto